{"id":1317,"date":"2025-11-17T06:03:15","date_gmt":"2025-11-17T12:03:15","guid":{"rendered":"https:\/\/encoder-staging.site\/tusenrose\/product\/vita-24k-guld-evighetsrosor-hjartbox-2\/"},"modified":"2025-11-17T06:03:15","modified_gmt":"2025-11-17T12:03:15","slug":"vita-24k-guld-evighetsrosor-hjartbox-2","status":"publish","type":"product","link":"https:\/\/encoder-staging.site\/tusenrose\/product\/vita-24k-guld-evighetsrosor-hjartbox-2\/","title":{"rendered":"Vita &#038; 24k guld evighetsrosor | Hj\u00e4rtbox"},"content":{"rendered":"<p>V\u00e5r Heart-kollektion designad av <em><span style=\"text-decoration: underline;\">Lotte feruchi<\/span><\/em> inneh\u00e5ller\u00a0vita och guldiga evighetsrosor i v\u00e5r handgjorda vita hj\u00e4rtformade ask. Det finns ingen b\u00e4ttre present till alla hj\u00e4rtans dag, en f\u00f6delsedag, en \u00e5rsdag eller bara d\u00e4rf\u00f6r.<\/p>\n<p>Med evighetsrosor som \u00e4r odlade vid foten av vulkanen Cayambe p\u00e5 en h\u00f6jd av (2850m) \u00e4r denna vackra boxdesign den ultimata &#8220;Jag \u00e4lskar dig&#8221;. Den ser perfekt ut i sovrummet eller utst\u00e4lld p\u00e5 ditt soffbord &#8211; en dos k\u00e4rlek till den som har ditt hj\u00e4rta eller som present till dig sj\u00e4lv.<\/p>\n<p><span>Rosbox storlek:\u00a030 cm\u00a0<\/span><span data-mce-fragment=\"1\">\u00d8<\/span><\/p>\n<p>Antal rosor: 26-30<\/p>\n","protected":false},"excerpt":{"rendered":"<p>V\u00e5r Heart-kollektion designad av Lotte feruchi inneh\u00e5ller\u00a0vita och guldiga evighetsrosor i v\u00e5r handgjorda vita hj\u00e4rtformade ask. Det finns ingen b\u00e4ttre present till alla hj\u00e4rtans dag, en f\u00f6delsedag, en \u00e5rsdag eller bara d\u00e4rf\u00f6r. Med evighetsrosor som \u00e4r odlade vid foten av vulkanen Cayambe p\u00e5 en h\u00f6jd av (2850m) \u00e4r denna vackra boxdesign den ultimata &#8220;Jag \u00e4lskar [&hellip;]<\/p>\n","protected":false},"featured_media":920,"comment_status":"open","ping_status":"closed","template":"","meta":{"_acf_changed":false,"inline_featured_image":false},"product_brand":[],"product_cat":[40],"product_tag":[],"class_list":{"0":"post-1317","1":"product","2":"type-product","3":"status-publish","4":"has-post-thumbnail","6":"product_cat-flowers","8":"first","9":"instock","10":"shipping-taxable","11":"purchasable","12":"product-type-simple"},"acf":[],"_links":{"self":[{"href":"https:\/\/encoder-staging.site\/tusenrose\/wp-json\/wp\/v2\/product\/1317","targetHints":{"allow":["GET"]}}],"collection":[{"href":"https:\/\/encoder-staging.site\/tusenrose\/wp-json\/wp\/v2\/product"}],"about":[{"href":"https:\/\/encoder-staging.site\/tusenrose\/wp-json\/wp\/v2\/types\/product"}],"replies":[{"embeddable":true,"href":"https:\/\/encoder-staging.site\/tusenrose\/wp-json\/wp\/v2\/comments?post=1317"}],"wp:featuredmedia":[{"embeddable":true,"href":"https:\/\/encoder-staging.site\/tusenrose\/wp-json\/wp\/v2\/media\/920"}],"wp:attachment":[{"href":"https:\/\/encoder-staging.site\/tusenrose\/wp-json\/wp\/v2\/media?parent=1317"}],"wp:term":[{"taxonomy":"product_brand","embeddable":true,"href":"https:\/\/encoder-staging.site\/tusenrose\/wp-json\/wp\/v2\/product_brand?post=1317"},{"taxonomy":"product_cat","embeddable":true,"href":"https:\/\/encoder-staging.site\/tusenrose\/wp-json\/wp\/v2\/product_cat?post=1317"},{"taxonomy":"product_tag","embeddable":true,"href":"https:\/\/encoder-staging.site\/tusenrose\/wp-json\/wp\/v2\/product_tag?post=1317"}],"curies":[{"name":"wp","href":"https:\/\/api.w.org\/{rel}","templated":true}]}}