{"id":1306,"date":"2025-11-17T06:03:13","date_gmt":"2025-11-17T12:03:13","guid":{"rendered":"https:\/\/encoder-staging.site\/tusenrose\/product\/torkad-palm-spear-2\/"},"modified":"2025-11-17T06:03:13","modified_gmt":"2025-11-17T12:03:13","slug":"torkad-palm-spear-2","status":"publish","type":"product","link":"https:\/\/encoder-staging.site\/tusenrose\/product\/torkad-palm-spear-2\/","title":{"rendered":"Torkad Palm spear"},"content":{"rendered":"<p><span data-mce-fragment=\"1\">Utforska exotisk elegans med v\u00e5r torkade palm spear i r\u00f6d f\u00e4rg. Denna unika dekorativa detalj f\u00e5ngar \u00f6gat med sin levande r\u00f6da ton och distinkta palmform. Perfekt f\u00f6r att skapa en tropisk atmosf\u00e4r i din inredning, kan den anv\u00e4ndas ensam som en i\u00f6gonfallande prydnad eller blandas med andra torkade element f\u00f6r att komponera en fantastisk bukett.<\/span><\/p>\n<p><span data-mce-fragment=\"1\">(S\u00e4ljes i bunt om\u00a05 stycken.)<\/span><\/p>\n","protected":false},"excerpt":{"rendered":"<p>Utforska exotisk elegans med v\u00e5r torkade palm spear i r\u00f6d f\u00e4rg. Denna unika dekorativa detalj f\u00e5ngar \u00f6gat med sin levande r\u00f6da ton och distinkta palmform. Perfekt f\u00f6r att skapa en tropisk atmosf\u00e4r i din inredning, kan den anv\u00e4ndas ensam som en i\u00f6gonfallande prydnad eller blandas med andra torkade element f\u00f6r att komponera en fantastisk bukett. [&hellip;]<\/p>\n","protected":false},"featured_media":881,"comment_status":"open","ping_status":"closed","template":"","meta":{"_acf_changed":false,"inline_featured_image":false},"product_brand":[],"product_cat":[45],"product_tag":[],"class_list":{"0":"post-1306","1":"product","2":"type-product","3":"status-publish","4":"has-post-thumbnail","6":"product_cat-dried-flowers","8":"first","9":"instock","10":"shipping-taxable","11":"purchasable","12":"product-type-simple"},"acf":[],"_links":{"self":[{"href":"https:\/\/encoder-staging.site\/tusenrose\/wp-json\/wp\/v2\/product\/1306","targetHints":{"allow":["GET"]}}],"collection":[{"href":"https:\/\/encoder-staging.site\/tusenrose\/wp-json\/wp\/v2\/product"}],"about":[{"href":"https:\/\/encoder-staging.site\/tusenrose\/wp-json\/wp\/v2\/types\/product"}],"replies":[{"embeddable":true,"href":"https:\/\/encoder-staging.site\/tusenrose\/wp-json\/wp\/v2\/comments?post=1306"}],"wp:featuredmedia":[{"embeddable":true,"href":"https:\/\/encoder-staging.site\/tusenrose\/wp-json\/wp\/v2\/media\/881"}],"wp:attachment":[{"href":"https:\/\/encoder-staging.site\/tusenrose\/wp-json\/wp\/v2\/media?parent=1306"}],"wp:term":[{"taxonomy":"product_brand","embeddable":true,"href":"https:\/\/encoder-staging.site\/tusenrose\/wp-json\/wp\/v2\/product_brand?post=1306"},{"taxonomy":"product_cat","embeddable":true,"href":"https:\/\/encoder-staging.site\/tusenrose\/wp-json\/wp\/v2\/product_cat?post=1306"},{"taxonomy":"product_tag","embeddable":true,"href":"https:\/\/encoder-staging.site\/tusenrose\/wp-json\/wp\/v2\/product_tag?post=1306"}],"curies":[{"name":"wp","href":"https:\/\/api.w.org\/{rel}","templated":true}]}}