{"id":1296,"date":"2025-11-17T06:03:11","date_gmt":"2025-11-17T12:03:11","guid":{"rendered":"https:\/\/encoder-staging.site\/tusenrose\/product\/torkad-havre-2\/"},"modified":"2025-11-17T06:03:12","modified_gmt":"2025-11-17T12:03:12","slug":"torkad-havre-2","status":"publish","type":"product","link":"https:\/\/encoder-staging.site\/tusenrose\/product\/torkad-havre-2\/","title":{"rendered":"Torkad Havre"},"content":{"rendered":"<p><span data-mce-fragment=\"1\">Uppt\u00e4ck en ny niv\u00e5 av enkel sk\u00f6nhet med v\u00e5r torkade havre. Den neutrala tonen och eleganta strukturen g\u00f6r den till en m\u00e5ngsidig inredningsdetalj som passar i olika sammanhang. Perfekt som en ensamst\u00e5ende prydnad i en vas eller som en naturlig ingrediens i en torkad bukett.<\/span><\/p>\n<p><span data-mce-fragment=\"1\">(Bilden visar en hel bunt f\u00f6r att ge dig en f\u00f6raning om dess charm och potential). V\u00e4lj din \u00f6nskade storlek f\u00f6r att anpassa den efter dina behov.<\/span><\/p>\n","protected":false},"excerpt":{"rendered":"<p>Uppt\u00e4ck en ny niv\u00e5 av enkel sk\u00f6nhet med v\u00e5r torkade havre. Den neutrala tonen och eleganta strukturen g\u00f6r den till en m\u00e5ngsidig inredningsdetalj som passar i olika sammanhang. Perfekt som en ensamst\u00e5ende prydnad i en vas eller som en naturlig ingrediens i en torkad bukett. (Bilden visar en hel bunt f\u00f6r att ge dig en [&hellip;]<\/p>\n","protected":false},"featured_media":847,"comment_status":"open","ping_status":"closed","template":"","meta":{"_acf_changed":false,"inline_featured_image":false},"product_brand":[],"product_cat":[18],"product_tag":[],"class_list":{"0":"post-1296","1":"product","2":"type-product","3":"status-publish","4":"has-post-thumbnail","6":"product_cat-uncategorized","8":"first","9":"instock","10":"shipping-taxable","11":"purchasable","12":"product-type-simple"},"acf":[],"_links":{"self":[{"href":"https:\/\/encoder-staging.site\/tusenrose\/wp-json\/wp\/v2\/product\/1296","targetHints":{"allow":["GET"]}}],"collection":[{"href":"https:\/\/encoder-staging.site\/tusenrose\/wp-json\/wp\/v2\/product"}],"about":[{"href":"https:\/\/encoder-staging.site\/tusenrose\/wp-json\/wp\/v2\/types\/product"}],"replies":[{"embeddable":true,"href":"https:\/\/encoder-staging.site\/tusenrose\/wp-json\/wp\/v2\/comments?post=1296"}],"wp:featuredmedia":[{"embeddable":true,"href":"https:\/\/encoder-staging.site\/tusenrose\/wp-json\/wp\/v2\/media\/847"}],"wp:attachment":[{"href":"https:\/\/encoder-staging.site\/tusenrose\/wp-json\/wp\/v2\/media?parent=1296"}],"wp:term":[{"taxonomy":"product_brand","embeddable":true,"href":"https:\/\/encoder-staging.site\/tusenrose\/wp-json\/wp\/v2\/product_brand?post=1296"},{"taxonomy":"product_cat","embeddable":true,"href":"https:\/\/encoder-staging.site\/tusenrose\/wp-json\/wp\/v2\/product_cat?post=1296"},{"taxonomy":"product_tag","embeddable":true,"href":"https:\/\/encoder-staging.site\/tusenrose\/wp-json\/wp\/v2\/product_tag?post=1296"}],"curies":[{"name":"wp","href":"https:\/\/api.w.org\/{rel}","templated":true}]}}