{"id":1293,"date":"2025-11-17T06:03:11","date_gmt":"2025-11-17T12:03:11","guid":{"rendered":"https:\/\/encoder-staging.site\/tusenrose\/product\/torkad-babala-2\/"},"modified":"2025-11-17T06:03:11","modified_gmt":"2025-11-17T12:03:11","slug":"torkad-babala-2","status":"publish","type":"product","link":"https:\/\/encoder-staging.site\/tusenrose\/product\/torkad-babala-2\/","title":{"rendered":"Torkad Babala"},"content":{"rendered":"<p><span data-mce-fragment=\"1\">Skapa en atmosf\u00e4r av raffinerad elegans med v\u00e5ra m\u00f6rk r\u00f6da torkade babala. Dessa f\u00f6rtrollande dekorativa element utstr\u00e5lar en djup, rik nyans av r\u00f6tt och beh\u00e5ller sin intensitet \u00e4ven i torkat skick. Perfekta f\u00f6r att inf\u00f6ra en touch av dramatik och v\u00e4rme i din inredning, kan de m\u00f6rk r\u00f6da babalablommorna anv\u00e4ndas ensamma som en sl\u00e5ende accent i en vas eller blandas konstfullt med andra torkade blommor f\u00f6r att skapa en sofistikerad bukett.<\/span><\/p>\n<p><span data-mce-fragment=\"1\">(S\u00e4ljes i bunt om\u00a05 stycken.)<\/span><\/p>\n","protected":false},"excerpt":{"rendered":"<p>Skapa en atmosf\u00e4r av raffinerad elegans med v\u00e5ra m\u00f6rk r\u00f6da torkade babala. Dessa f\u00f6rtrollande dekorativa element utstr\u00e5lar en djup, rik nyans av r\u00f6tt och beh\u00e5ller sin intensitet \u00e4ven i torkat skick. Perfekta f\u00f6r att inf\u00f6ra en touch av dramatik och v\u00e4rme i din inredning, kan de m\u00f6rk r\u00f6da babalablommorna anv\u00e4ndas ensamma som en sl\u00e5ende accent [&hellip;]<\/p>\n","protected":false},"featured_media":836,"comment_status":"open","ping_status":"closed","template":"","meta":{"_acf_changed":false,"inline_featured_image":false},"product_brand":[],"product_cat":[45],"product_tag":[],"class_list":{"0":"post-1293","1":"product","2":"type-product","3":"status-publish","4":"has-post-thumbnail","6":"product_cat-dried-flowers","8":"first","9":"instock","10":"shipping-taxable","11":"purchasable","12":"product-type-simple"},"acf":[],"_links":{"self":[{"href":"https:\/\/encoder-staging.site\/tusenrose\/wp-json\/wp\/v2\/product\/1293","targetHints":{"allow":["GET"]}}],"collection":[{"href":"https:\/\/encoder-staging.site\/tusenrose\/wp-json\/wp\/v2\/product"}],"about":[{"href":"https:\/\/encoder-staging.site\/tusenrose\/wp-json\/wp\/v2\/types\/product"}],"replies":[{"embeddable":true,"href":"https:\/\/encoder-staging.site\/tusenrose\/wp-json\/wp\/v2\/comments?post=1293"}],"wp:featuredmedia":[{"embeddable":true,"href":"https:\/\/encoder-staging.site\/tusenrose\/wp-json\/wp\/v2\/media\/836"}],"wp:attachment":[{"href":"https:\/\/encoder-staging.site\/tusenrose\/wp-json\/wp\/v2\/media?parent=1293"}],"wp:term":[{"taxonomy":"product_brand","embeddable":true,"href":"https:\/\/encoder-staging.site\/tusenrose\/wp-json\/wp\/v2\/product_brand?post=1293"},{"taxonomy":"product_cat","embeddable":true,"href":"https:\/\/encoder-staging.site\/tusenrose\/wp-json\/wp\/v2\/product_cat?post=1293"},{"taxonomy":"product_tag","embeddable":true,"href":"https:\/\/encoder-staging.site\/tusenrose\/wp-json\/wp\/v2\/product_tag?post=1293"}],"curies":[{"name":"wp","href":"https:\/\/api.w.org\/{rel}","templated":true}]}}