{"id":1289,"date":"2025-11-17T06:03:11","date_gmt":"2025-11-17T12:03:11","guid":{"rendered":"https:\/\/encoder-staging.site\/tusenrose\/product\/choklad-saltstank-2\/"},"modified":"2026-03-05T04:51:34","modified_gmt":"2026-03-05T10:51:34","slug":"choklad-saltstank-2","status":"publish","type":"product","link":"https:\/\/encoder-staging.site\/tusenrose\/product\/choklad-saltstank-2\/","title":{"rendered":"Choklad Saltst\u00e4nk"},"content":{"rendered":"<h3 class=\"font_3\">MJ\u00d6LKCHOKLAD<\/h3>\n<h5 class=\"font_5\">40\u00a0% KAKAO &#8211; 80G<\/h5>\n<p>EKOLOGISK\u00a0 | \u00a0FAIRTRADE<\/p>\n<div id=\"comp-kqtjp4391\" class=\"_1Q9if _3bcaz\" data-testid=\"richTextElement\">\n<p class=\"font_7\">Alls\u00e5ngschokladen. Underbart kr\u00e4mig mj\u00f6lkchoklad med ett fint str\u00f6ssel av krispigt havssalt. En blandning av s\u00f6tt och salt som fastnar likt en sommarhit i v\u00e5rt smaksinne.<\/p>\n<\/div>\n<div id=\"comp-kqtjp43c1\" class=\"_2Hij5 _3bcaz\" data-testid=\"richTextElement\">\n<p class=\"font_8\"><span class=\"color_15\">Lika ogenerat stolta som stockholmarna k\u00e4nner sig n\u00e4r alls\u00e5ngsledaren i den bl\u00e5 kavajen sjunger om deras stad, lika glada blir vi n\u00e4r\u00a0<\/span><span class=\"color_15\">vi t\u00e4nker p\u00e5 den h\u00e4r chokladen. Det \u00e4r dags f\u00f6r mj\u00f6lkchokladens revansch. F\u00f6r denna kombination ,som \u00e4r fylld med extra mycket peruansk kakao och ett st\u00e4nkt av finaste havssalt, \u00e4r en oemotst\u00e5ndlig blandning av s\u00f6tt och salt. L\u00e4nge leve mj\u00f6lkchokladen i v\u00e5rt hj\u00e4rta.<\/span><\/p>\n<\/div>\n<div id=\"comp-ksq2clfq\" class=\"_1Q9if _3bcaz\" data-testid=\"richTextElement\">\n<h5 class=\"font_5\"><\/h5>\n<\/div>\n<div id=\"comp-ksq2clfs\" class=\"_1Q9if _3bcaz\" data-testid=\"richTextElement\">\n<table width=\"372\">\n<tbody>\n<tr>\n<td style=\"width: 535px;\">\n<div id=\"comp-ksq2clfq\" class=\"_1Q9if _3bcaz\" data-testid=\"richTextElement\">\n<h3 class=\"font_5\">INNEH\u00c5LLSF\u00d6RTECKNING<\/h3>\n<\/div>\n<div id=\"comp-ksq2clfs\" class=\"_1Q9if _3bcaz\" data-testid=\"richTextElement\"><\/div>\n<\/td>\n<\/tr>\n<tr>\n<td style=\"width: 535px;\">\n<ul>\n<li>R\u00f6rsocker\/sukker<\/li>\n<li>Kakaomassa<\/li>\n<li>Kakaosm\u00f6r<\/li>\n<li>Helmj\u00f6lkspulver<\/li>\n<li>Salt<\/li>\n<li>Havssalt<\/li>\n<li>Vanilj<\/li>\n<\/ul>\n<\/td>\n<\/tr>\n<tr>\n<td style=\"width: 535px;\">N\u00e4ringsv\u00e4rde per 100g<\/td>\n<\/tr>\n<tr>\n<td style=\"width: 535px;\">Energi 2442kJ, 591 kcal<\/td>\n<\/tr>\n<tr>\n<td style=\"width: 535px;\">Fett 42g<\/td>\n<\/tr>\n<tr>\n<td style=\"width: 535px;\">&#8211; varav m\u00e4ttat 26g<\/td>\n<\/tr>\n<tr>\n<td style=\"width: 535px;\">Kolhydrater 51g<\/td>\n<\/tr>\n<tr>\n<td style=\"width: 535px;\">&#8211; varav sockerarter 50g<\/td>\n<\/tr>\n<tr>\n<td style=\"width: 535px;\">Protein 6,8g<\/td>\n<\/tr>\n<tr>\n<td style=\"width: 535px;\">Salt 1g<\/td>\n<\/tr>\n<\/tbody>\n<\/table>\n<p class=\"font_7\">\n<\/div>\n","protected":false},"excerpt":{"rendered":"<p>MJ\u00d6LKCHOKLAD 40\u00a0% KAKAO &#8211; 80G EKOLOGISK\u00a0 | \u00a0FAIRTRADE Alls\u00e5ngschokladen. Underbart kr\u00e4mig mj\u00f6lkchoklad med ett fint str\u00f6ssel av krispigt havssalt. En blandning av s\u00f6tt och salt som fastnar likt en sommarhit i v\u00e5rt smaksinne. Lika ogenerat stolta som stockholmarna k\u00e4nner sig n\u00e4r alls\u00e5ngsledaren i den bl\u00e5 kavajen sjunger om deras stad, lika glada blir vi n\u00e4r\u00a0vi [&hellip;]<\/p>\n","protected":false},"featured_media":822,"comment_status":"open","ping_status":"closed","template":"","meta":{"_acf_changed":false,"inline_featured_image":false},"product_brand":[],"product_cat":[47],"product_tag":[],"class_list":{"0":"post-1289","1":"product","2":"type-product","3":"status-publish","4":"has-post-thumbnail","6":"product_cat-food","8":"first","9":"instock","10":"shipping-taxable","11":"purchasable","12":"product-type-simple"},"acf":[],"_links":{"self":[{"href":"https:\/\/encoder-staging.site\/tusenrose\/wp-json\/wp\/v2\/product\/1289","targetHints":{"allow":["GET"]}}],"collection":[{"href":"https:\/\/encoder-staging.site\/tusenrose\/wp-json\/wp\/v2\/product"}],"about":[{"href":"https:\/\/encoder-staging.site\/tusenrose\/wp-json\/wp\/v2\/types\/product"}],"replies":[{"embeddable":true,"href":"https:\/\/encoder-staging.site\/tusenrose\/wp-json\/wp\/v2\/comments?post=1289"}],"wp:featuredmedia":[{"embeddable":true,"href":"https:\/\/encoder-staging.site\/tusenrose\/wp-json\/wp\/v2\/media\/822"}],"wp:attachment":[{"href":"https:\/\/encoder-staging.site\/tusenrose\/wp-json\/wp\/v2\/media?parent=1289"}],"wp:term":[{"taxonomy":"product_brand","embeddable":true,"href":"https:\/\/encoder-staging.site\/tusenrose\/wp-json\/wp\/v2\/product_brand?post=1289"},{"taxonomy":"product_cat","embeddable":true,"href":"https:\/\/encoder-staging.site\/tusenrose\/wp-json\/wp\/v2\/product_cat?post=1289"},{"taxonomy":"product_tag","embeddable":true,"href":"https:\/\/encoder-staging.site\/tusenrose\/wp-json\/wp\/v2\/product_tag?post=1289"}],"curies":[{"name":"wp","href":"https:\/\/api.w.org\/{rel}","templated":true}]}}