{"id":1288,"date":"2025-11-17T06:03:10","date_gmt":"2025-11-17T12:03:10","guid":{"rendered":"https:\/\/encoder-staging.site\/tusenrose\/product\/teddybjornen-eriksson-2\/"},"modified":"2025-11-17T06:03:11","modified_gmt":"2025-11-17T12:03:11","slug":"teddybjornen-eriksson-2","status":"publish","type":"product","link":"https:\/\/encoder-staging.site\/tusenrose\/product\/teddybjornen-eriksson-2\/","title":{"rendered":"Teddybj\u00f6rnen Eriksson"},"content":{"rendered":"<p><span data-mce-fragment=\"1\">Teddybj\u00f6rn i plysch.\u00a0Kl\u00e4dd i en r\u00f6d huvtr\u00f6ja fr\u00e5n Tusen rosor.<\/span><\/p>\n<p>Dimension 13&#215;15\u00a0cm<\/p>\n<p><span class=\"attribute-value\" data-mce-fragment=\"1\">Bredd: 15 cm<\/span><\/p>\n<p><span class=\"attribute-value\" data-mce-fragment=\"1\">L\u00e4ngd: 13 cm<\/span><\/p>\n","protected":false},"excerpt":{"rendered":"<p>Teddybj\u00f6rn i plysch.\u00a0Kl\u00e4dd i en r\u00f6d huvtr\u00f6ja fr\u00e5n Tusen rosor. Dimension 13&#215;15\u00a0cm Bredd: 15 cm L\u00e4ngd: 13 cm<\/p>\n","protected":false},"featured_media":818,"comment_status":"open","ping_status":"closed","template":"","meta":{"_acf_changed":false,"inline_featured_image":false},"product_brand":[],"product_cat":[53,55],"product_tag":[],"class_list":{"0":"post-1288","1":"product","2":"type-product","3":"status-publish","4":"has-post-thumbnail","6":"product_cat-dolls","7":"product_cat-stuffed-animals","9":"first","10":"instock","11":"shipping-taxable","12":"purchasable","13":"product-type-simple"},"acf":[],"_links":{"self":[{"href":"https:\/\/encoder-staging.site\/tusenrose\/wp-json\/wp\/v2\/product\/1288","targetHints":{"allow":["GET"]}}],"collection":[{"href":"https:\/\/encoder-staging.site\/tusenrose\/wp-json\/wp\/v2\/product"}],"about":[{"href":"https:\/\/encoder-staging.site\/tusenrose\/wp-json\/wp\/v2\/types\/product"}],"replies":[{"embeddable":true,"href":"https:\/\/encoder-staging.site\/tusenrose\/wp-json\/wp\/v2\/comments?post=1288"}],"wp:featuredmedia":[{"embeddable":true,"href":"https:\/\/encoder-staging.site\/tusenrose\/wp-json\/wp\/v2\/media\/818"}],"wp:attachment":[{"href":"https:\/\/encoder-staging.site\/tusenrose\/wp-json\/wp\/v2\/media?parent=1288"}],"wp:term":[{"taxonomy":"product_brand","embeddable":true,"href":"https:\/\/encoder-staging.site\/tusenrose\/wp-json\/wp\/v2\/product_brand?post=1288"},{"taxonomy":"product_cat","embeddable":true,"href":"https:\/\/encoder-staging.site\/tusenrose\/wp-json\/wp\/v2\/product_cat?post=1288"},{"taxonomy":"product_tag","embeddable":true,"href":"https:\/\/encoder-staging.site\/tusenrose\/wp-json\/wp\/v2\/product_tag?post=1288"}],"curies":[{"name":"wp","href":"https:\/\/api.w.org\/{rel}","templated":true}]}}