{"id":1286,"date":"2025-11-17T06:03:10","date_gmt":"2025-11-17T12:03:10","guid":{"rendered":"https:\/\/encoder-staging.site\/tusenrose\/product\/svarta-evighetsrosor-basic-dome-2\/"},"modified":"2025-11-17T06:03:10","modified_gmt":"2025-11-17T12:03:10","slug":"svarta-evighetsrosor-basic-dome-2","status":"publish","type":"product","link":"https:\/\/encoder-staging.site\/tusenrose\/product\/svarta-evighetsrosor-basic-dome-2\/","title":{"rendered":"Svarta evighetsrosor | Basic dome"},"content":{"rendered":"<div class=\"\">\n<div class=\"\">\n<div class=\"\">Tusen rosor\u00ae Basic dome-kollektionen \u00e4r lika i\u00f6gonfallande som s\u00f6t. Denna ask med rosor ger lyx och elegans till var som helst i ditt hem som ett soffbord, nattduksbord eller f\u00f6nsterbr\u00e4da.<\/div>\n<div class=\"\"><\/div>\n<p>\u00a0<\/p>\n<div class=\"\">Den handgjorda svarta l\u00e5dan i v\u00e5rt Basic dome-arrangemang visar upp\u00a0svarta &amp; r\u00f6da\u00a0evighetsrosor.<\/div>\n<div class=\"\"><\/div>\n<div class=\"\">Perfekt f\u00f6r en l\u00e5ngvarig kvalitetspresent till den d\u00e4r speciella personen som f\u00f6rtj\u00e4nar lite extra.<\/div>\n<div class=\"\"><\/div>\n<p>\u00a0<\/p>\n<div class=\"\"><\/div>\n<div class=\"\">Boxstorlek: 15\u00a0cm<span data-mce-fragment=\"1\">\u2300<\/span>\n<\/div>\n<div class=\"\">Antal rosor: 6-7<\/div>\n<\/div>\n<\/div>\n<div class=\"\">\n<div class=\"\">\n<div class=\"\"><\/div>\n<\/div>\n<\/div>\n<style><!--\n.chip {\n  display: inline-block;\n  padding: 0 25px;\n  height: 50px;\n  font-size: 16px;\n  line-height: 50px;\n  border-radius: 25px;\n  background-color: #f1f1f1;\n}\n\n.chip img {\n  float: left;\n  margin: 0 10px 0 -25px;\n  height: 50px;\n  width: 50px;\n  border-radius: 50%;\n}\n--><\/style>\n","protected":false},"excerpt":{"rendered":"<p>Tusen rosor\u00ae Basic dome-kollektionen \u00e4r lika i\u00f6gonfallande som s\u00f6t. Denna ask med rosor ger lyx och elegans till var som helst i ditt hem som ett soffbord, nattduksbord eller f\u00f6nsterbr\u00e4da. \u00a0 Den handgjorda svarta l\u00e5dan i v\u00e5rt Basic dome-arrangemang visar upp\u00a0svarta &amp; r\u00f6da\u00a0evighetsrosor. Perfekt f\u00f6r en l\u00e5ngvarig kvalitetspresent till den d\u00e4r speciella personen som f\u00f6rtj\u00e4nar [&hellip;]<\/p>\n","protected":false},"featured_media":813,"comment_status":"open","ping_status":"closed","template":"","meta":{"_acf_changed":false,"inline_featured_image":false},"product_brand":[],"product_cat":[40],"product_tag":[],"class_list":{"0":"post-1286","1":"product","2":"type-product","3":"status-publish","4":"has-post-thumbnail","6":"product_cat-flowers","8":"first","9":"instock","10":"shipping-taxable","11":"purchasable","12":"product-type-simple"},"acf":[],"_links":{"self":[{"href":"https:\/\/encoder-staging.site\/tusenrose\/wp-json\/wp\/v2\/product\/1286","targetHints":{"allow":["GET"]}}],"collection":[{"href":"https:\/\/encoder-staging.site\/tusenrose\/wp-json\/wp\/v2\/product"}],"about":[{"href":"https:\/\/encoder-staging.site\/tusenrose\/wp-json\/wp\/v2\/types\/product"}],"replies":[{"embeddable":true,"href":"https:\/\/encoder-staging.site\/tusenrose\/wp-json\/wp\/v2\/comments?post=1286"}],"wp:featuredmedia":[{"embeddable":true,"href":"https:\/\/encoder-staging.site\/tusenrose\/wp-json\/wp\/v2\/media\/813"}],"wp:attachment":[{"href":"https:\/\/encoder-staging.site\/tusenrose\/wp-json\/wp\/v2\/media?parent=1286"}],"wp:term":[{"taxonomy":"product_brand","embeddable":true,"href":"https:\/\/encoder-staging.site\/tusenrose\/wp-json\/wp\/v2\/product_brand?post=1286"},{"taxonomy":"product_cat","embeddable":true,"href":"https:\/\/encoder-staging.site\/tusenrose\/wp-json\/wp\/v2\/product_cat?post=1286"},{"taxonomy":"product_tag","embeddable":true,"href":"https:\/\/encoder-staging.site\/tusenrose\/wp-json\/wp\/v2\/product_tag?post=1286"}],"curies":[{"name":"wp","href":"https:\/\/api.w.org\/{rel}","templated":true}]}}