{"id":1234,"date":"2025-11-17T06:03:02","date_gmt":"2025-11-17T12:03:02","guid":{"rendered":"https:\/\/encoder-staging.site\/tusenrose\/product\/jungle-dream-2\/"},"modified":"2025-11-17T06:03:02","modified_gmt":"2025-11-17T12:03:02","slug":"jungle-dream-2","status":"publish","type":"product","link":"https:\/\/encoder-staging.site\/tusenrose\/product\/jungle-dream-2\/","title":{"rendered":"Jungle dream"},"content":{"rendered":"<p><meta charset=\"utf-8\"><\/p>\n<p>Upplev en o\u00f6vertr\u00e4ffad blomsterprakt med v\u00e5r exklusiva bukett av torkade och h\u00e5llbara blommor, bevarad i upp till \u00e5tta m\u00e5nader genom en doppning i biologiskt nedbrytbar nektar.<\/p>\n<p>De lugnande gr\u00f6na tonerna, med en subtil inslag av gula nyanser, skapar en bukett som \u00e4r en hyllning till naturens sk\u00f6nhet. Inuti finner du en sofistikerad kombination av aspidistra, echinops, achillea sylvestre, craspedia, hill flower, pteridium fern och eucalyptus cinerea &#8211; var och en noga vald f\u00f6r att bidra till bukettens unika karakt\u00e4r.<\/p>\n<p>Denna bukett \u00e4r inte bara vacker, den \u00e4r ett konstverk av h\u00e5llbarhet och omsorg. Varje blomma, neds\u00e4nkt i biologiskt nedbrytbar nektar, blir en symbol f\u00f6r ansvarsfull sk\u00f6nhet och respekt f\u00f6r naturen.<\/p>\n<p>Best\u00e4ll nu och l\u00e5t denna bukett bli en st\u00e4ndig p\u00e5minnelse om din omtanke och h\u00e4nsyn. Ge bort en tidl\u00f6s bit av naturens underverk och skapa minnen med denna enast\u00e5ende kombination av torkade och h\u00e5llbara blommor.<\/p>\n<p>Enkel &#8211; H\u00f6jd 50-55 cm.<\/p>\n<p>Lyxig &#8211; H\u00f6jd 55-60 cm (Denna bukett \u00e4r som minimum 75% st\u00f6rre \u00e4n bukett Enkel.<\/p>\n<p>Storslagen &#8211; H\u00f6jd 60-65 cm (Denna bukett \u00e4r minimum 150% st\u00f6rre \u00e4n bukett Enkel.<\/p>\n","protected":false},"excerpt":{"rendered":"<p>Upplev en o\u00f6vertr\u00e4ffad blomsterprakt med v\u00e5r exklusiva bukett av torkade och h\u00e5llbara blommor, bevarad i upp till \u00e5tta m\u00e5nader genom en doppning i biologiskt nedbrytbar nektar. De lugnande gr\u00f6na tonerna, med en subtil inslag av gula nyanser, skapar en bukett som \u00e4r en hyllning till naturens sk\u00f6nhet. Inuti finner du en sofistikerad kombination av aspidistra, [&hellip;]<\/p>\n","protected":false},"featured_media":630,"comment_status":"open","ping_status":"closed","template":"","meta":{"_acf_changed":false,"inline_featured_image":false},"product_brand":[],"product_cat":[45],"product_tag":[],"class_list":{"0":"post-1234","1":"product","2":"type-product","3":"status-publish","4":"has-post-thumbnail","6":"product_cat-dried-flowers","8":"first","9":"instock","10":"shipping-taxable","11":"purchasable","12":"product-type-simple"},"acf":[],"_links":{"self":[{"href":"https:\/\/encoder-staging.site\/tusenrose\/wp-json\/wp\/v2\/product\/1234","targetHints":{"allow":["GET"]}}],"collection":[{"href":"https:\/\/encoder-staging.site\/tusenrose\/wp-json\/wp\/v2\/product"}],"about":[{"href":"https:\/\/encoder-staging.site\/tusenrose\/wp-json\/wp\/v2\/types\/product"}],"replies":[{"embeddable":true,"href":"https:\/\/encoder-staging.site\/tusenrose\/wp-json\/wp\/v2\/comments?post=1234"}],"wp:featuredmedia":[{"embeddable":true,"href":"https:\/\/encoder-staging.site\/tusenrose\/wp-json\/wp\/v2\/media\/630"}],"wp:attachment":[{"href":"https:\/\/encoder-staging.site\/tusenrose\/wp-json\/wp\/v2\/media?parent=1234"}],"wp:term":[{"taxonomy":"product_brand","embeddable":true,"href":"https:\/\/encoder-staging.site\/tusenrose\/wp-json\/wp\/v2\/product_brand?post=1234"},{"taxonomy":"product_cat","embeddable":true,"href":"https:\/\/encoder-staging.site\/tusenrose\/wp-json\/wp\/v2\/product_cat?post=1234"},{"taxonomy":"product_tag","embeddable":true,"href":"https:\/\/encoder-staging.site\/tusenrose\/wp-json\/wp\/v2\/product_tag?post=1234"}],"curies":[{"name":"wp","href":"https:\/\/api.w.org\/{rel}","templated":true}]}}